{"id":7,"date":"2026-03-18T12:51:01","date_gmt":"2026-03-18T11:51:01","guid":{"rendered":"https:\/\/unilo-productions.com\/?page_id=7"},"modified":"2026-04-13T11:38:47","modified_gmt":"2026-04-13T09:38:47","slug":"homepage","status":"publish","type":"page","link":"https:\/\/unilo-productions.com\/","title":{"rendered":"Homepage"},"content":{"rendered":"\n<div class=\"wp-block-cover alignfull is-light\" style=\"min-height:100vh;aspect-ratio:unset;\"><video class=\"wp-block-cover__video-background intrinsic-ignore\" autoplay muted loop playsinline src=\"https:\/\/unilo-productions.com\/wp-content\/uploads\/2026\/03\/SHOWREEL_UNILO_short-1.mp4\" data-object-fit=\"cover\"><\/video><span aria-hidden=\"true\" class=\"wp-block-cover__background has-background-dim-20 has-background-dim\" style=\"background-color:#FFF\"><\/span><div class=\"wp-block-cover__inner-container has-global-padding is-layout-constrained wp-block-cover-is-layout-constrained\">\n<p class=\"has-text-align-center has-white-color has-text-color has-max-60-font-size\" style=\"font-style:normal;font-weight:900;line-height:1.2\">Production audiovisuelle \u00e0 Paris Reportage &amp; film documentaire \u00e0 impact.<\/p>\n\n\n\n<p class=\"has-text-align-center has-white-color has-text-color has-medium-font-size\"><\/p>\n<\/div><\/div>\n\n\n\n<div class=\"wp-block-group has-global-padding is-layout-constrained wp-block-group-is-layout-constrained\">\n<div style=\"height:57px\" aria-hidden=\"true\" class=\"wp-block-spacer\"><\/div>\n\n\n\n<h2 class=\"wp-block-heading has-text-align-center has-medium-font-size\" style=\"letter-spacing:1px\">Rendre visibles les engagements qui comptent<\/h2>\n\n\n\n<p class=\"has-text-align-left has-medium-font-size\">Unilo Productions est une soci\u00e9t\u00e9 de production audiovisuelle bas\u00e9e en r\u00e9gion parisienne, sp\u00e9cialis\u00e9e dans le reportage vid\u00e9o et le film documentaire \u00e0 impact.<br>Nous d\u00e9veloppons une approche audiovisuelle centr\u00e9e sur l\u2019humain, en privil\u00e9giant l\u2019\u00e9coute, l\u2019immersion et la compr\u00e9hension des situations.<br>Nous intervenons dans des contextes vari\u00e9s: \u00e9v\u00e9nementiel, institutionnel, associatif ou entreprise, en proposant des films adapt\u00e9s aux enjeux de communication, tout en conservant une \u00e9criture documentaire, authentique et incarn\u00e9e.<\/p>\n\n\n\n<div style=\"height:15px\" aria-hidden=\"true\" class=\"wp-block-spacer\"><\/div>\n<\/div>\n\n\n\n<div id=\"services\" class=\"wp-block-group alignfull pattern_multiple_covers has-background has-global-padding is-layout-constrained wp-block-group-is-layout-constrained\">\n<p class=\"has-text-align-left has-secondary-color has-text-color\" style=\"letter-spacing:1px\">QUI SOMMES NOUS ?<\/p>\n\n\n\n<p class=\"has-text-align-left\"><strong>Unilo Productions est une soci\u00e9t\u00e9 de production audiovisuelle bas\u00e9e \u00e0 Paris, fond\u00e9e par Xavier Menut, r\u00e9alisateur et consultant avec plus de 25 ans d\u2019exp\u00e9rience.<\/strong><\/p>\n\n\n\n<p>Nous accompagnons ONG, institutions, entreprises et associations dans la cr\u00e9ation de films \u00e0 impact, en nous appuyant sur une approche documentaire exigeante, ancr\u00e9e dans le r\u00e9el.<\/p>\n\n\n\n<p><strong>Notre objectif : transformer des enjeux complexes en r\u00e9cits clairs, sensibles et mobilisateurs.<\/strong><\/p>\n\n\n\n<p>Nous concevons des contenus audiovisuels capables de rendre visibles des engagements, de donner du sens \u00e0 des actions et de cr\u00e9er un lien fort avec les publics.<\/p>\n\n\n\n<p>Notre approche associe exigence documentaire et strat\u00e9gie de communication, afin de produire des films qui permettent de :<\/p>\n\n\n\n<p>\u2013 sensibiliser<br>\u2013 engager les publics<br>\u2013 soutenir des actions concr\u00e8tes (plaidoyer, financement, mobilisation)<\/p>\n\n\n\n<p>Nous sommes en mesure d\u2019organiser des tournages \u00e0 l\u2019international, en nous appuyant si n\u00e9cessaire sur des partenaires locaux afin d\u2019optimiser les co\u00fbts et garantir la qualit\u00e9 des images<\/p>\n\n\n\n<p>En parall\u00e8le, nous d\u00e9veloppons des ateliers de cr\u00e9ation audiovisuelle qui offrent un espace d\u2019expression et de transmission, avec un double objectif : valoriser les parcours \u00e0 travers la cr\u00e9ation de contenus et transmettre des comp\u00e9tences concr\u00e8tes.<\/p>\n\n\n\n<p class=\"has-text-align-left\"><\/p>\n\n\n\n<div style=\"height:46px\" aria-hidden=\"true\" class=\"wp-block-spacer\"><\/div>\n\n\n\n<div class=\"wp-block-columns is-layout-flex wp-container-core-columns-is-layout-28f84493 wp-block-columns-is-layout-flex\">\n<div class=\"wp-block-column is-layout-flow wp-block-column-is-layout-flow\" style=\"padding-top:0;padding-right:0;padding-bottom:0;padding-left:0\">\n<div class=\"wp-block-cover is-light has-custom-content-position is-position-bottom-left\" style=\"padding-top:var(--wp--preset--spacing--small);padding-right:var(--wp--preset--spacing--x-small);padding-bottom:var(--wp--preset--spacing--small);padding-left:var(--wp--preset--spacing--x-small);min-height:308px;aspect-ratio:unset;\"><img loading=\"lazy\" decoding=\"async\" width=\"1024\" height=\"576\" class=\"wp-block-cover__image-background wp-image-260 size-large\" alt=\"captation \u00e9v\u00e9nement reportage vid\u00e9o ambiance public Paris\" src=\"https:\/\/unilo-productions.com\/wp-content\/uploads\/2026\/03\/captation-evenement-reportage-video-paris-1024x576.jpg\" data-object-fit=\"cover\" srcset=\"https:\/\/unilo-productions.com\/wp-content\/uploads\/2026\/03\/captation-evenement-reportage-video-paris-1024x576.jpg 1024w, https:\/\/unilo-productions.com\/wp-content\/uploads\/2026\/03\/captation-evenement-reportage-video-paris-300x169.jpg 300w, https:\/\/unilo-productions.com\/wp-content\/uploads\/2026\/03\/captation-evenement-reportage-video-paris.jpg 1920w\" sizes=\"auto, (max-width: 1024px) 100vw, 1024px\" \/><span aria-hidden=\"true\" class=\"wp-block-cover__background has-primary-background-color has-background-dim-0 has-background-dim\"><\/span><div class=\"wp-block-cover__inner-container is-layout-flow wp-block-cover-is-layout-flow\">\n<p class=\"has-text-align-center has-large-font-size\"><\/p>\n<\/div><\/div>\n\n\n\n<h2 class=\"wp-block-heading has-secondary-color has-text-color has-link-color wp-elements-5ac877104db384bc89f4e40deaf53507\">Reportage \u00e9v\u00e9nementiel&nbsp;<\/h2>\n\n\n\n<p>Des after movie, restituant l\u2019\u00e9nergie, les moments cl\u00e9s et l\u2019\u00e9motion v\u00e9cue sur le terrain.<\/p>\n\n\n\n<div style=\"height:40px\" aria-hidden=\"true\" class=\"wp-block-spacer\"><\/div>\n\n\n\n<div class=\"wp-block-cover has-custom-content-position is-position-center-left\" style=\"padding-top:var(--wp--preset--spacing--small);padding-right:var(--wp--preset--spacing--x-small);padding-bottom:var(--wp--preset--spacing--small);padding-left:var(--wp--preset--spacing--x-small);min-height:303px;aspect-ratio:unset;\"><img loading=\"lazy\" decoding=\"async\" width=\"1920\" height=\"1080\" class=\"wp-block-cover__image-background wp-image-266 size-full\" alt=\"portrait documentaire interview t\u00e9moignage humain vid\u00e9o\" src=\"https:\/\/unilo-productions.com\/wp-content\/uploads\/2026\/03\/portrait-documentaire-interview-temoignage.jpg\" style=\"object-position:19% 50%\" data-object-fit=\"cover\" data-object-position=\"19% 50%\" srcset=\"https:\/\/unilo-productions.com\/wp-content\/uploads\/2026\/03\/portrait-documentaire-interview-temoignage.jpg 1920w, https:\/\/unilo-productions.com\/wp-content\/uploads\/2026\/03\/portrait-documentaire-interview-temoignage-300x169.jpg 300w, https:\/\/unilo-productions.com\/wp-content\/uploads\/2026\/03\/portrait-documentaire-interview-temoignage-1024x576.jpg 1024w\" sizes=\"auto, (max-width: 1920px) 100vw, 1920px\" \/><span aria-hidden=\"true\" class=\"wp-block-cover__background has-primary-background-color has-background-dim-0 has-background-dim\"><\/span><div class=\"wp-block-cover__inner-container is-layout-flow wp-block-cover-is-layout-flow\">\n<p class=\"has-text-align-center has-large-font-size\"><\/p>\n<\/div><\/div>\n\n\n\n<h2 class=\"wp-block-heading has-secondary-color has-text-color has-link-color wp-elements-09afb729613dec9ab7d531b1cf621c75\">Portrait vid\u00e9o documentaire<\/h2>\n\n\n\n<p>Des portraits vid\u00e9os pour valoriser vos collaborateurs, partenaires ou b\u00e9n\u00e9ficiaires et renforcer l\u2019impact humain de votre communication.<\/p>\n<\/div>\n\n\n\n<div class=\"wp-block-column is-layout-flow wp-block-column-is-layout-flow\" style=\"padding-top:0;padding-right:0;padding-bottom:0;padding-left:0\">\n<div class=\"wp-block-cover is-light has-custom-content-position is-position-bottom-left\" style=\"padding-top:var(--wp--preset--spacing--small);padding-right:var(--wp--preset--spacing--x-small);padding-bottom:var(--wp--preset--spacing--small);padding-left:var(--wp--preset--spacing--x-small);min-height:306px;aspect-ratio:unset;\"><img loading=\"lazy\" decoding=\"async\" width=\"1024\" height=\"576\" class=\"wp-block-cover__image-background wp-image-262 size-large\" alt=\"reportage vid\u00e9o territoire dynamique locale Paris acteurs terrain\" src=\"https:\/\/unilo-productions.com\/wp-content\/uploads\/2026\/03\/reportage-territoire-dynamique-locale-paris-1024x576.jpg\" data-object-fit=\"cover\" srcset=\"https:\/\/unilo-productions.com\/wp-content\/uploads\/2026\/03\/reportage-territoire-dynamique-locale-paris-1024x576.jpg 1024w, https:\/\/unilo-productions.com\/wp-content\/uploads\/2026\/03\/reportage-territoire-dynamique-locale-paris-300x169.jpg 300w, https:\/\/unilo-productions.com\/wp-content\/uploads\/2026\/03\/reportage-territoire-dynamique-locale-paris.jpg 1920w\" sizes=\"auto, (max-width: 1024px) 100vw, 1024px\" \/><span aria-hidden=\"true\" class=\"wp-block-cover__background has-primary-background-color has-background-dim-0 has-background-dim\"><\/span><div class=\"wp-block-cover__inner-container is-layout-flow wp-block-cover-is-layout-flow\">\n<p class=\"has-text-align-center has-large-font-size\"><\/p>\n<\/div><\/div>\n\n\n\n<h2 class=\"wp-block-heading has-secondary-color has-text-color has-link-color wp-elements-c099f165115272aa16d16b002e3d79a5\">Film de territoire<\/h2>\n\n\n\n<p>Des films ancr\u00e9s dans les territoires, valorisant initiatives locales, acteurs engag\u00e9s et dynamiques humaines.<\/p>\n\n\n\n<div style=\"height:13px\" aria-hidden=\"true\" class=\"wp-block-spacer\"><\/div>\n\n\n\n<div class=\"wp-block-cover is-light has-custom-content-position is-position-bottom-left\" style=\"padding-top:var(--wp--preset--spacing--small);padding-right:var(--wp--preset--spacing--x-small);padding-bottom:var(--wp--preset--spacing--small);padding-left:var(--wp--preset--spacing--x-small);min-height:301px;aspect-ratio:unset;\"><img loading=\"lazy\" decoding=\"async\" width=\"1024\" height=\"576\" class=\"wp-block-cover__image-background wp-image-267 size-large\" alt=\"portrait documentaire femme engag\u00e9e ONG terrain\" src=\"https:\/\/unilo-productions.com\/wp-content\/uploads\/2026\/03\/portrait-documentaire-femme-engagee-ong-1024x576.jpg\" data-object-fit=\"cover\" srcset=\"https:\/\/unilo-productions.com\/wp-content\/uploads\/2026\/03\/portrait-documentaire-femme-engagee-ong-1024x576.jpg 1024w, https:\/\/unilo-productions.com\/wp-content\/uploads\/2026\/03\/portrait-documentaire-femme-engagee-ong-300x169.jpg 300w, https:\/\/unilo-productions.com\/wp-content\/uploads\/2026\/03\/portrait-documentaire-femme-engagee-ong.jpg 1920w\" sizes=\"auto, (max-width: 1024px) 100vw, 1024px\" \/><span aria-hidden=\"true\" class=\"wp-block-cover__background has-primary-background-color has-background-dim-0 has-background-dim\"><\/span><div class=\"wp-block-cover__inner-container is-layout-flow wp-block-cover-is-layout-flow\">\n<p class=\"has-text-align-center has-large-font-size\"><\/p>\n<\/div><\/div>\n\n\n\n<h2 class=\"wp-block-heading has-secondary-color has-text-color has-link-color wp-elements-943ce2b302f4096f17f8730de9e74541\">Reportages et documentaires<\/h2>\n\n\n\n<p>Des films au traitements inspir\u00e9s du reportage et du documentaire, pour raconter des histoires humaines, sinc\u00e8res et engageantes.<\/p>\n<\/div>\n\n\n\n<div class=\"wp-block-column is-layout-flow wp-block-column-is-layout-flow\" style=\"padding-top:0;padding-right:0;padding-bottom:0;padding-left:0\">\n<div class=\"wp-block-cover is-light has-custom-content-position is-position-bottom-left\" style=\"padding-top:var(--wp--preset--spacing--small);padding-right:var(--wp--preset--spacing--x-small);padding-bottom:var(--wp--preset--spacing--small);padding-left:var(--wp--preset--spacing--x-small);min-height:304px;aspect-ratio:unset;\"><img loading=\"lazy\" decoding=\"async\" width=\"1024\" height=\"576\" class=\"wp-block-cover__image-background wp-image-264 size-large\" alt=\"atelier vid\u00e9o inclusion participants cr\u00e9ation collective expression audiovisuelle\" src=\"https:\/\/unilo-productions.com\/wp-content\/uploads\/2026\/03\/atelier-video-inclusion-participatif-jeunes-1024x576.jpg\" data-object-fit=\"cover\" srcset=\"https:\/\/unilo-productions.com\/wp-content\/uploads\/2026\/03\/atelier-video-inclusion-participatif-jeunes-1024x576.jpg 1024w, https:\/\/unilo-productions.com\/wp-content\/uploads\/2026\/03\/atelier-video-inclusion-participatif-jeunes-300x169.jpg 300w, https:\/\/unilo-productions.com\/wp-content\/uploads\/2026\/03\/atelier-video-inclusion-participatif-jeunes.jpg 1920w\" sizes=\"auto, (max-width: 1024px) 100vw, 1024px\" \/><span aria-hidden=\"true\" class=\"wp-block-cover__background has-primary-background-color has-background-dim-0 has-background-dim\"><\/span><div class=\"wp-block-cover__inner-container is-layout-flow wp-block-cover-is-layout-flow\">\n<p class=\"has-text-align-center has-large-font-size\"><\/p>\n<\/div><\/div>\n\n\n\n<h2 class=\"wp-block-heading has-secondary-color has-text-color has-link-color wp-elements-e7d72aa39e1d74c97bab1893c0837058\">Ateliers vid\u00e9o inclusion<\/h2>\n\n\n\n<p>Nos ateliers vid\u00e9o accompagnent les participants dans la cr\u00e9ation de r\u00e9cits sinc\u00e8res, r\u00e9v\u00e9lant leurs exp\u00e9riences, leurs regards et leur humanit\u00e9.<\/p>\n\n\n\n<div style=\"height:17px\" aria-hidden=\"true\" class=\"wp-block-spacer\"><\/div>\n\n\n\n<div class=\"wp-block-cover has-custom-content-position is-position-bottom-left\" style=\"padding-top:var(--wp--preset--spacing--small);padding-right:var(--wp--preset--spacing--x-small);padding-bottom:var(--wp--preset--spacing--small);padding-left:var(--wp--preset--spacing--x-small);min-height:302px;aspect-ratio:unset;\"><img loading=\"lazy\" decoding=\"async\" width=\"1024\" height=\"576\" class=\"wp-block-cover__image-background wp-image-257 size-large\" alt=\"reportage vid\u00e9o culture artistes sc\u00e8ne spectacle Paris\" src=\"https:\/\/unilo-productions.com\/wp-content\/uploads\/2026\/03\/reportage-culture-artistes-scene-paris-1024x576.jpg\" data-object-fit=\"cover\" srcset=\"https:\/\/unilo-productions.com\/wp-content\/uploads\/2026\/03\/reportage-culture-artistes-scene-paris-1024x576.jpg 1024w, https:\/\/unilo-productions.com\/wp-content\/uploads\/2026\/03\/reportage-culture-artistes-scene-paris-300x169.jpg 300w, https:\/\/unilo-productions.com\/wp-content\/uploads\/2026\/03\/reportage-culture-artistes-scene-paris.jpg 1920w\" sizes=\"auto, (max-width: 1024px) 100vw, 1024px\" \/><span aria-hidden=\"true\" class=\"wp-block-cover__background has-primary-background-color has-background-dim-0 has-background-dim\"><\/span><div class=\"wp-block-cover__inner-container is-layout-flow wp-block-cover-is-layout-flow\">\n<p class=\"has-text-align-center has-large-font-size\"><\/p>\n<\/div><\/div>\n\n\n\n<h2 class=\"wp-block-heading has-secondary-color has-text-color has-link-color wp-elements-75037bbed2dfcff3d2eb192e41587f1d\">Vid\u00e9o culturelle<\/h2>\n\n\n\n<p>Raconter la culture \u00e0 travers des films immersifs, clips, shorts, web-s\u00e9ries.<\/p>\n<\/div>\n<\/div>\n\n\n\n<div style=\"height:179px\" aria-hidden=\"true\" class=\"wp-block-spacer\"><\/div>\n<\/div>\n\n\n\n<div id=\"partners\" class=\"wp-block-group has-global-padding is-content-justification-center is-layout-constrained wp-container-core-group-is-layout-dc06fb1d wp-block-group-is-layout-constrained\">\n<div class=\"wp-block-group has-global-padding is-content-justification-left is-layout-constrained wp-container-core-group-is-layout-5d29898d wp-block-group-is-layout-constrained\" style=\"padding-top:0px;padding-right:0;padding-bottom:var(--wp--preset--spacing--small);padding-left:0\">\n<div class=\"wp-block-columns is-layout-flex wp-container-core-columns-is-layout-28f84493 wp-block-columns-is-layout-flex\">\n<div class=\"wp-block-column is-layout-flow wp-block-column-is-layout-flow\" style=\"flex-basis:60%\">\n<figure class=\"wp-block-image size-large is-resized\"><img loading=\"lazy\" decoding=\"async\" width=\"759\" height=\"1024\" src=\"https:\/\/unilo-productions.com\/wp-content\/uploads\/2026\/03\/realisateur-documentaire-paris-unilo-productions-759x1024.jpg\" alt=\"Xavier Menut vid\u00e9aste documentaire sp\u00e9cialis\u00e9 ONG et reportages terrain Paris\" class=\"wp-image-255\" style=\"aspect-ratio:0.7412173465448463;width:310px;height:auto\" srcset=\"https:\/\/unilo-productions.com\/wp-content\/uploads\/2026\/03\/realisateur-documentaire-paris-unilo-productions-759x1024.jpg 759w, https:\/\/unilo-productions.com\/wp-content\/uploads\/2026\/03\/realisateur-documentaire-paris-unilo-productions-222x300.jpg 222w, https:\/\/unilo-productions.com\/wp-content\/uploads\/2026\/03\/realisateur-documentaire-paris-unilo-productions.jpg 1000w\" sizes=\"auto, (max-width: 759px) 100vw, 759px\" \/><\/figure>\n\n\n\n<div class=\"wp-block-group has-global-padding is-content-justification-right is-layout-constrained wp-container-core-group-is-layout-f1f2ed93 wp-block-group-is-layout-constrained\">\n<p class=\"has-secondary-color has-text-color\"><strong>Xavier Menut<\/strong><\/p>\n\n\n\n<p class=\"has-secondary-color has-text-color has-medium-font-size\"><strong>R\u00e9alisateur sp\u00e9cialis\u00e9 en reportage et film documentaire \u00e0 Paris<\/strong><\/p>\n\n\n\n<p class=\"has-text-align-left\">Depuis plus de vingt-cinq ans, je travaille \u00e0 partir du r\u00e9el,  comme un espace d\u2019observation, d\u2019\u00e9coute et de r\u00e9cit. Ce qui m\u2019int\u00e9resse, ce sont les trajectoires humaines, les engagements, les situations o\u00f9 quelque chose se joue et m\u00e9rite d\u2019\u00eatre regard\u00e9 autrement.<\/p>\n\n\n\n<p>Mon travail consiste \u00e0 faire \u00e9merger des r\u00e9cits \u00e0 partir de ces mati\u00e8res souvent complexes, \u00e0 leur donner une forme claire, sensible, et juste.<\/p>\n\n\n\n<p> Filmer, pour moi, c\u2019est \u00e0 la fois comprendre et transmettre.<\/p>\n\n\n\n<p>J\u2019interviens aujourd\u2019hui aupr\u00e8s d\u2019ONG, d\u2019institutions, d&rsquo;associations et d\u2019organisations engag\u00e9es, pour concevoir des  contenus qui rendent visibles leurs actions et accompagnent leurs enjeux.<\/p>\n<\/div>\n\n\n\n<div style=\"height:20px\" aria-hidden=\"true\" class=\"wp-block-spacer\"><\/div>\n\n\n\n<ul class=\"wp-block-social-links has-huge-icon-size has-icon-color is-style-logos-only is-layout-flex wp-container-core-social-links-is-layout-5f86147d wp-block-social-links-is-layout-flex\"><li style=\"color:currentColor;\" class=\"wp-social-link wp-social-link-linkedin has-primary-color wp-block-social-link\"><a href=\"https:\/\/www.linkedin.com\/in\/xavier-menut-unilo-productions-videaste-realisateur-corporate-documentaire-evenementiel\/\" class=\"wp-block-social-link-anchor\"><svg width=\"24\" height=\"24\" viewBox=\"0 0 24 24\" version=\"1.1\" xmlns=\"http:\/\/www.w3.org\/2000\/svg\" aria-hidden=\"true\" focusable=\"false\"><path d=\"M19.7,3H4.3C3.582,3,3,3.582,3,4.3v15.4C3,20.418,3.582,21,4.3,21h15.4c0.718,0,1.3-0.582,1.3-1.3V4.3 C21,3.582,20.418,3,19.7,3z M8.339,18.338H5.667v-8.59h2.672V18.338z M7.004,8.574c-0.857,0-1.549-0.694-1.549-1.548 c0-0.855,0.691-1.548,1.549-1.548c0.854,0,1.547,0.694,1.547,1.548C8.551,7.881,7.858,8.574,7.004,8.574z M18.339,18.338h-2.669 v-4.177c0-0.996-0.017-2.278-1.387-2.278c-1.389,0-1.601,1.086-1.601,2.206v4.249h-2.667v-8.59h2.559v1.174h0.037 c0.356-0.675,1.227-1.387,2.526-1.387c2.703,0,3.203,1.779,3.203,4.092V18.338z\"><\/path><\/svg><span class=\"wp-block-social-link-label screen-reader-text\">LinkedIn<\/span><\/a><\/li>\n\n<li style=\"color:currentColor;\" class=\"wp-social-link wp-social-link-youtube has-primary-color wp-block-social-link\"><a href=\"https:\/\/www.youtube.com\/@UNILOPRODUCTIONS\/featured\" class=\"wp-block-social-link-anchor\"><svg width=\"24\" height=\"24\" viewBox=\"0 0 24 24\" version=\"1.1\" xmlns=\"http:\/\/www.w3.org\/2000\/svg\" aria-hidden=\"true\" focusable=\"false\"><path d=\"M21.8,8.001c0,0-0.195-1.378-0.795-1.985c-0.76-0.797-1.613-0.801-2.004-0.847c-2.799-0.202-6.997-0.202-6.997-0.202 h-0.009c0,0-4.198,0-6.997,0.202C4.608,5.216,3.756,5.22,2.995,6.016C2.395,6.623,2.2,8.001,2.2,8.001S2,9.62,2,11.238v1.517 c0,1.618,0.2,3.237,0.2,3.237s0.195,1.378,0.795,1.985c0.761,0.797,1.76,0.771,2.205,0.855c1.6,0.153,6.8,0.201,6.8,0.201 s4.203-0.006,7.001-0.209c0.391-0.047,1.243-0.051,2.004-0.847c0.6-0.607,0.795-1.985,0.795-1.985s0.2-1.618,0.2-3.237v-1.517 C22,9.62,21.8,8.001,21.8,8.001z M9.935,14.594l-0.001-5.62l5.404,2.82L9.935,14.594z\"><\/path><\/svg><span class=\"wp-block-social-link-label screen-reader-text\">YouTube<\/span><\/a><\/li><\/ul>\n\n\n\n<p class=\"has-text-align-left has-tertiary-color has-text-color\"><\/p>\n<\/div>\n<\/div>\n<\/div>\n<\/div>\n\n\n\n<div id=\"team\" class=\"wp-block-group has-global-padding is-layout-constrained wp-block-group-is-layout-constrained\">\n<div class=\"wp-block-group is-layout-flow wp-block-group-is-layout-flow\">\n<p class=\"has-secondary-color has-text-color has-link-color wp-elements-0886e3fdaa0f8f52643462a7ee764f88\">Des organisations qui agissent, qui nous ont fait confiance :<\/p>\n\n\n\n<figure class=\"wp-block-image size-large is-resized\"><img loading=\"lazy\" decoding=\"async\" width=\"1024\" height=\"706\" src=\"https:\/\/unilo-productions.com\/wp-content\/uploads\/2026\/03\/logo-impact-ong-video-1024x706.png\" alt=\"\" class=\"wp-image-386\" style=\"width:1140px;height:auto\" srcset=\"https:\/\/unilo-productions.com\/wp-content\/uploads\/2026\/03\/logo-impact-ong-video-1024x706.png 1024w, https:\/\/unilo-productions.com\/wp-content\/uploads\/2026\/03\/logo-impact-ong-video-300x207.png 300w, https:\/\/unilo-productions.com\/wp-content\/uploads\/2026\/03\/logo-impact-ong-video.png 1450w\" sizes=\"auto, (max-width: 1024px) 100vw, 1024px\" \/><\/figure>\n\n\n\n<div style=\"height:27px\" aria-hidden=\"true\" class=\"wp-block-spacer\"><\/div>\n\n\n\n<div style=\"height:0px\" aria-hidden=\"true\" class=\"wp-block-spacer\"><\/div>\n<\/div>\n<\/div>\n\n\n\n<div class=\"wp-block-cover alignfull has-parallax is-position-center-center\" style=\"border-radius:0px\"><div class=\"wp-block-cover__image-background wp-image-42 size-full has-parallax\" style=\"background-position:50% 50%;background-image:url(https:\/\/unilo-productions.com\/wp-content\/uploads\/2026\/03\/BANNIERE-LINKEDIN_blank.png)\"><\/div><span aria-hidden=\"true\" class=\"wp-block-cover__background has-black-background-color has-background-dim-40 has-background-dim\"><\/span><div class=\"wp-block-cover__inner-container is-layout-flow wp-block-cover-is-layout-flow\">\n<p class=\"has-text-align-center has-large-font-size\"><\/p>\n<\/div><\/div>\n\n\n\n<p><\/p>\n","protected":false},"excerpt":{"rendered":"<p>Rendre visibles les engagements qui comptent Unilo Productions est une soci\u00e9t\u00e9 de production audiovisuelle bas\u00e9e en r\u00e9gion parisienne, sp\u00e9cialis\u00e9e dans le reportage vid\u00e9o et le film documentaire \u00e0 impact.Nous d\u00e9veloppons une approche audiovisuelle centr\u00e9e sur l\u2019humain, en privil\u00e9giant l\u2019\u00e9coute, l\u2019immersion et la compr\u00e9hension des situations.Nous intervenons dans des contextes vari\u00e9s: \u00e9v\u00e9nementiel, institutionnel, associatif ou entreprise, &hellip; <\/p>\n<p class=\"link-more\"><a href=\"https:\/\/unilo-productions.com\/\" class=\"more-link\">Lire la suite de<span class=\"screen-reader-text\">\u00ab\u00a0Homepage\u00a0\u00bb<\/span><\/a><\/p>\n","protected":false},"author":1,"featured_media":0,"parent":0,"menu_order":0,"comment_status":"closed","ping_status":"closed","template":"page-templates\/homepage-builder-bb.php","meta":{"inspiro_hide_title":false,"footnotes":""},"class_list":["post-7","page","type-page","status-publish","hentry"],"featured_media_urls":[],"_links":{"self":[{"href":"https:\/\/unilo-productions.com\/index.php?rest_route=\/wp\/v2\/pages\/7","targetHints":{"allow":["GET"]}}],"collection":[{"href":"https:\/\/unilo-productions.com\/index.php?rest_route=\/wp\/v2\/pages"}],"about":[{"href":"https:\/\/unilo-productions.com\/index.php?rest_route=\/wp\/v2\/types\/page"}],"author":[{"embeddable":true,"href":"https:\/\/unilo-productions.com\/index.php?rest_route=\/wp\/v2\/users\/1"}],"replies":[{"embeddable":true,"href":"https:\/\/unilo-productions.com\/index.php?rest_route=%2Fwp%2Fv2%2Fcomments&post=7"}],"version-history":[{"count":154,"href":"https:\/\/unilo-productions.com\/index.php?rest_route=\/wp\/v2\/pages\/7\/revisions"}],"predecessor-version":[{"id":402,"href":"https:\/\/unilo-productions.com\/index.php?rest_route=\/wp\/v2\/pages\/7\/revisions\/402"}],"wp:attachment":[{"href":"https:\/\/unilo-productions.com\/index.php?rest_route=%2Fwp%2Fv2%2Fmedia&parent=7"}],"curies":[{"name":"wp","href":"https:\/\/api.w.org\/{rel}","templated":true}]}}