{"id":9,"date":"2026-03-18T12:51:02","date_gmt":"2026-03-18T11:51:02","guid":{"rendered":"https:\/\/unilo-productions.com\/?page_id=9"},"modified":"2026-03-26T08:11:10","modified_gmt":"2026-03-26T07:11:10","slug":"contact-2","status":"publish","type":"page","link":"https:\/\/unilo-productions.com\/?page_id=9","title":{"rendered":"Contact"},"content":{"rendered":"\n<div style=\"height:156px\" aria-hidden=\"true\" class=\"wp-block-spacer\"><\/div>\n\n\n\n<div class=\"wp-block-group has-global-padding is-layout-constrained wp-block-group-is-layout-constrained\">\n<div class=\"wp-block-columns are-vertically-aligned-top is-layout-flex wp-container-core-columns-is-layout-d7d455e7 wp-block-columns-is-layout-flex\" style=\"padding-top:0;padding-right:0;padding-bottom:0;padding-left:0\">\n<div class=\"wp-block-column is-vertically-aligned-top is-layout-flow wp-block-column-is-layout-flow\" style=\"padding-right:7%;flex-basis:50%\">\n<h2 class=\"wp-block-heading has-large-font-size\">Vous portez un projet engag\u00e9 et souhaitez le mettre en lumi\u00e8re ?<\/h2>\n\n\n\n<p class=\"has-medium-font-size\"><strong>Nous vous accompagnons dans la cr\u00e9ation de vid\u00e9os \u00e0 impact.<\/strong><\/p>\n<\/div>\n<\/div>\n<\/div>\n\n\n\n<div class=\"wp-block-group alignfull has-global-padding is-layout-constrained wp-container-core-group-is-layout-19e250f3 wp-block-group-is-layout-constrained\"><\/div>\n\n\n\n<div class=\"wp-block-group has-global-padding is-layout-constrained wp-block-group-is-layout-constrained\">\n<div style=\"height:33px\" aria-hidden=\"true\" class=\"wp-block-spacer\"><\/div>\n<\/div>\n\n\n\n<div class=\"wp-block-contact-form-7-contact-form-selector\">\n<div class=\"wpcf7 no-js\" id=\"wpcf7-f296-o1\" lang=\"fr-FR\" dir=\"ltr\" data-wpcf7-id=\"296\">\n<div class=\"screen-reader-response\"><p role=\"status\" aria-live=\"polite\" aria-atomic=\"true\"><\/p> <ul><\/ul><\/div>\n<form action=\"\/index.php?rest_route=%2Fwp%2Fv2%2Fpages%2F9#wpcf7-f296-o1\" method=\"post\" class=\"wpcf7-form init\" aria-label=\"Formulaire de contact\" novalidate=\"novalidate\" data-status=\"init\">\n<fieldset class=\"hidden-fields-container\"><input type=\"hidden\" name=\"_wpcf7\" value=\"296\" \/><input type=\"hidden\" name=\"_wpcf7_version\" value=\"6.1.5\" \/><input type=\"hidden\" name=\"_wpcf7_locale\" value=\"fr_FR\" \/><input type=\"hidden\" name=\"_wpcf7_unit_tag\" value=\"wpcf7-f296-o1\" \/><input type=\"hidden\" name=\"_wpcf7_container_post\" value=\"0\" \/><input type=\"hidden\" name=\"_wpcf7_posted_data_hash\" value=\"\" \/>\n<\/fieldset>\n<p><label> Votre nom<br \/>\n<span class=\"wpcf7-form-control-wrap\" data-name=\"your-name\"><input size=\"40\" maxlength=\"400\" class=\"wpcf7-form-control wpcf7-text wpcf7-validates-as-required\" autocomplete=\"name\" aria-required=\"true\" aria-invalid=\"false\" value=\"\" type=\"text\" name=\"your-name\" \/><\/span> <\/label>\n<\/p>\n<p><label> Votre e-mail<br \/>\n<span class=\"wpcf7-form-control-wrap\" data-name=\"your-email\"><input size=\"40\" maxlength=\"400\" class=\"wpcf7-form-control wpcf7-email wpcf7-validates-as-required wpcf7-text wpcf7-validates-as-email\" autocomplete=\"email\" aria-required=\"true\" aria-invalid=\"false\" value=\"\" type=\"email\" name=\"your-email\" \/><\/span> <\/label>\n<\/p>\n<p><label> Objet<br \/>\n<span class=\"wpcf7-form-control-wrap\" data-name=\"your-subject\"><input size=\"40\" maxlength=\"400\" class=\"wpcf7-form-control wpcf7-text wpcf7-validates-as-required\" aria-required=\"true\" aria-invalid=\"false\" value=\"\" type=\"text\" name=\"your-subject\" \/><\/span> <\/label>\n<\/p>\n<p><label> Votre message (facultatif)<br \/>\n<span class=\"wpcf7-form-control-wrap\" data-name=\"your-message\"><textarea cols=\"40\" rows=\"10\" maxlength=\"2000\" class=\"wpcf7-form-control wpcf7-textarea\" aria-invalid=\"false\" name=\"your-message\"><\/textarea><\/span> <\/label>\n<\/p>\n<p><input class=\"wpcf7-form-control wpcf7-submit has-spinner\" type=\"submit\" value=\"Envoyer\" \/>\n<\/p><div class=\"wpcf7-response-output\" aria-hidden=\"true\"><\/div>\n<\/form>\n<\/div>\n<\/div>\n\n\n\n<p><\/p>\n","protected":false},"excerpt":{"rendered":"<p>Vous portez un projet engag\u00e9 et souhaitez le mettre en lumi\u00e8re ? Nous vous accompagnons dans la cr\u00e9ation de vid\u00e9os \u00e0 impact.<\/p>\n","protected":false},"author":1,"featured_media":42,"parent":0,"menu_order":0,"comment_status":"closed","ping_status":"closed","template":"","meta":{"inspiro_hide_title":false,"footnotes":""},"class_list":["post-9","page","type-page","status-publish","has-post-thumbnail","hentry"],"featured_media_urls":{"thumbnail":["https:\/\/unilo-productions.com\/wp-content\/uploads\/2026\/03\/BANNIERE-LINKEDIN_blank-150x150.png",150,150,true],"medium":["https:\/\/unilo-productions.com\/wp-content\/uploads\/2026\/03\/BANNIERE-LINKEDIN_blank-300x83.png",300,83,true],"medium_large":["https:\/\/unilo-productions.com\/wp-content\/uploads\/2026\/03\/BANNIERE-LINKEDIN_blank.png",768,213,false],"large":["https:\/\/unilo-productions.com\/wp-content\/uploads\/2026\/03\/BANNIERE-LINKEDIN_blank-1024x284.png",950,263,true],"1536x1536":["https:\/\/unilo-productions.com\/wp-content\/uploads\/2026\/03\/BANNIERE-LINKEDIN_blank-1536x426.png",1536,426,true],"2048x2048":["https:\/\/unilo-productions.com\/wp-content\/uploads\/2026\/03\/BANNIERE-LINKEDIN_blank.png",1644,456,false],"inspiro-featured-image":["https:\/\/unilo-productions.com\/wp-content\/uploads\/2026\/03\/BANNIERE-LINKEDIN_blank.png",1644,456,false],"inspiro-loop":["https:\/\/unilo-productions.com\/wp-content\/uploads\/2026\/03\/BANNIERE-LINKEDIN_blank-950x320.png",950,320,true],"inspiro-loop@2x":["https:\/\/unilo-productions.com\/wp-content\/uploads\/2026\/03\/BANNIERE-LINKEDIN_blank.png",1644,456,false],"portfolio_item-thumbnail":["https:\/\/unilo-productions.com\/wp-content\/uploads\/2026\/03\/BANNIERE-LINKEDIN_blank-600x400.png",600,400,true],"portfolio_item-thumbnail@2x":["https:\/\/unilo-productions.com\/wp-content\/uploads\/2026\/03\/BANNIERE-LINKEDIN_blank-1200x456.png",1200,456,true],"portfolio_item-masonry":["https:\/\/unilo-productions.com\/wp-content\/uploads\/2026\/03\/BANNIERE-LINKEDIN_blank-600x166.png",600,166,true],"portfolio_item-masonry@2x":["https:\/\/unilo-productions.com\/wp-content\/uploads\/2026\/03\/BANNIERE-LINKEDIN_blank-1200x333.png",1200,333,true],"portfolio_item-thumbnail_cinema":["https:\/\/unilo-productions.com\/wp-content\/uploads\/2026\/03\/BANNIERE-LINKEDIN_blank-800x335.png",800,335,true],"portfolio_item-thumbnail_portrait":["https:\/\/unilo-productions.com\/wp-content\/uploads\/2026\/03\/BANNIERE-LINKEDIN_blank-600x456.png",600,456,true],"portfolio_item-thumbnail_portrait@2x":["https:\/\/unilo-productions.com\/wp-content\/uploads\/2026\/03\/BANNIERE-LINKEDIN_blank-1200x456.png",1200,456,true],"portfolio_item-thumbnail_square":["https:\/\/unilo-productions.com\/wp-content\/uploads\/2026\/03\/BANNIERE-LINKEDIN_blank-800x456.png",800,456,true]},"_links":{"self":[{"href":"https:\/\/unilo-productions.com\/index.php?rest_route=\/wp\/v2\/pages\/9","targetHints":{"allow":["GET"]}}],"collection":[{"href":"https:\/\/unilo-productions.com\/index.php?rest_route=\/wp\/v2\/pages"}],"about":[{"href":"https:\/\/unilo-productions.com\/index.php?rest_route=\/wp\/v2\/types\/page"}],"author":[{"embeddable":true,"href":"https:\/\/unilo-productions.com\/index.php?rest_route=\/wp\/v2\/users\/1"}],"replies":[{"embeddable":true,"href":"https:\/\/unilo-productions.com\/index.php?rest_route=%2Fwp%2Fv2%2Fcomments&post=9"}],"version-history":[{"count":14,"href":"https:\/\/unilo-productions.com\/index.php?rest_route=\/wp\/v2\/pages\/9\/revisions"}],"predecessor-version":[{"id":306,"href":"https:\/\/unilo-productions.com\/index.php?rest_route=\/wp\/v2\/pages\/9\/revisions\/306"}],"wp:featuredmedia":[{"embeddable":true,"href":"https:\/\/unilo-productions.com\/index.php?rest_route=\/wp\/v2\/media\/42"}],"wp:attachment":[{"href":"https:\/\/unilo-productions.com\/index.php?rest_route=%2Fwp%2Fv2%2Fmedia&parent=9"}],"curies":[{"name":"wp","href":"https:\/\/api.w.org\/{rel}","templated":true}]}}